 + n + 3*n + 2*n**2 + 2*n**2. Suppose 4*k + 15 = -5*i, -3*i - 2*i - 15 = -5*k. List the prime factors of d(i).
2, 5
Let p(z) = -z**3 + 7*z**2 - 6*z + 2. Let i be p(6). Let g be (i - (0 - -46))/(-1). List the prime factors of g/7 + 12/(-42).
2, 3
Let f = -38 + 22. Suppose 4*q - 3*c + 2*c = 95, -10 = -q + 3*c. Let v = q + f. List the prime factors of v.
3
Let o = 42 + -28. Suppose -4*l + 6*l - o = -b, 3*l = 3*b + 3. Suppose 0 = -y + 2 + l. List the prime factors of y.
7
Suppose -5*s = -0*s - 25. Let b be 2*5/(-2 + -8). Let z = s - b. List the prime factors of z.
2, 3
Let y be (4/6)/(4/30). Let j = y - 5. Suppose 5*k - b + 4*b = 75, j = -4*b. What are the prime factors of k?
3, 5
Let a = 40 + -5. List the prime factors of a.
5, 7
Let j(t) = -2 + 7*t + t**3 + 2 + 5 - 7*t**2. What are the prime factors of j(6)?
11
Suppose 60 = 2*b - 5*r - 44, -4*b - 2*r + 160 = 0. List the prime factors of b.
2, 3, 7
Let h = -49 + 70. List the prime factors of h.
3, 7
Suppose -p - p + 6 = 0. Suppose 0*u = u - p. List the prime factors of u.
3
Let h = -9 + 11. List the prime factors of 1/(-1) + (h - -16).
17
Let q = 23 + -10. Let s = 5 - 7. Let a = s + q. List the prime factors of a.
11
Suppose -h + 2*g - 4*g = 0, -4*g + 12 = -4*h. Let d = -8 + 14. Let w = h + d. List the prime factors of w.
2
Let k(m) = m**3 - 11*m**2 + 16*m - 23. List the prime factors of k(11).
3, 17
Let m = -4 - -7. Suppose -m*g + 5 = -7. What are the prime factors of g?
2
Let x(h) = h**3 - h**2. Let i be x(-1). What are the prime factors of i/(-8) + (-38)/(-8)?
5
Let w(r) = -r**3 - 6*r**2 - 4*r + 7. Let h be w(-5). Suppose -3 - 27 = -h*m. Suppose -4*i + 47 = m. List the prime factors of i.
2
Suppose -y + 880 = 9*y. List the prime factors of y.
2, 11
Let n(f) = -4 + 10*f + 3*f**2 - 6*f**2 + 3*f**2 - f**2. List the prime factors of n(8).
2, 3
Let m = 47 - 45. Let w = 52 - 34. Suppose 3*q = m*q + w. What are the prime factors of q?
2, 3
Let o(f) = -f**3 + 8*f**2 + 8*f - 1. Let t be o(8). List the prime factors of ((-3)/9)/((-3)/t).
7
Let s be ((-15)/(-6))/((-2)/(-4)). Suppose -5*b = s*h - 30, h - 6*b = -b - 6. List the prime factors of h/22 + (-476)/(-44).
11
Let r = 2 + 4. Let t(d) = 2*d - 4. List the prime factors of t(r).
2
Suppose 55*o = 60*o - 225. What are the prime factors of o?
3, 5
Suppose 5*z + 2700 = 3*p, 4*p = 3*z + z + 3600. List the prime factors of p/65 + (-2)/(-13).
2, 7
Let t = 180 + -119. What are the prime factors of t?
61
Let b(t) = t**3 + 3*t**2 - 2*t - 2. Let w be b(-3). Suppose -w*o + 2*o + 8 = 0. What are the prime factors of o?
2
Suppose 4*m - 11 = 5*m - 4*x, 3*m - 12 = -3*x. Suppose -m - 1 = -2*z. Suppose -g - 4*q = 2, -4*g - 5*q + 15 = z. List the prime factors of g.
2, 3
Let d(f) = 3*f**2 - 11*f + 26. What are the prime factors of d(9)?
2, 5, 17
Let v = -17 + 14. List the prime factors of (v/2)/(6/(-8)).
2
Suppose 197 = g + 27. List the prime factors of g.
2, 5, 17
Suppose 2*f - 4*n = -3*f - 48, 4*f - 5*n + 42 = 0. Let z(l) = l + 13. What are the prime factors of z(f)?
5
What are the prime factors of (30/7)/(5/140*6)?
2, 5
Let p(s) = 3*s - 10. Let c = 4 + 5. List the prime factors of p(c).
17
Suppose 0*k - 360 = -3*k. What are the prime factors of k?
2, 3, 5
Suppose 6*l - 2*v - 176 = l, 0 = -3*l + 5*v + 98. What are the prime factors of l?
2, 3
Suppose -3*x + 2*x = 4*v - 716, -4*x + 895 = 5*v. List the prime factors of v.
179
Let d = 138 + -57. List the prime factors of d.
3
Let f(v) = -v**3 - 3*v**2 - v + 1. Let x be f(-3). Suppose -x*j - 30 = -146. What are the prime factors of j?
29
Suppose -f + j = 3*j - 18, j + 27 = 4*f. Suppose -3*h = 5*p + f, 5*h - 28 = 3*p - p. List the prime factors of h.
2
Suppose 0 = -0*n - 4*n - o + 29, 46 = 5*n - 2*o. Suppose -3*f + 2 = -5*q + 22, -2*q + n = 2*f. Suppose -4*r - q = -12. What are the prime factors of r?
2
List the prime factors of (32/(-10))/(3/(-105)).
2, 7
Suppose 0 = 3*r - 410 - 79. List the prime factors of r.
163
Suppose 3*h + 22 = 2*n + 8*h, 3*h + 12 = 0. What are the prime factors of n?
3, 7
What are the prime factors of (9*1)/(3*(-4)/(-408))?
2, 3, 17
Suppose 3*x = -474 - 219. What are the prime factors of x/(-14) - (-2)/4?
17
Suppose -3*i + 24 = -0*i. List the prime factors of i.
2
Let y = 21 + -23. What are the prime factors of -13*(-7)/((-7)/y)?
2, 13
Suppose -6*z - 90 = -z. What are the prime factors of 6/4 + z/(-12)?
3
Let o(z) = z**2 + 0*z - 8*z + z**3 + 9*z. Let k(b) = 3*b**3 - 6*b**2 + 10*b + 8. Let q(x) = k(x) - 2*o(x). What are the prime factors of q(7)?
3, 5
Suppose 4*g - 4*v + 40 = 0, -14 = 5*g - 4*g - 2*v. Let p = g + 13. What are the prime factors of (-4 - -6) + p + -1?
2
Let v(u) = -u**3 - 6*u**2 - 5*u + 21. List the prime factors of v(-7).
3, 5, 7
Let a(w) = -w**3 + 6*w**2 - 2*w + 1. Let x be a(3). Suppose -4*g + x = -18. What are the prime factors of g?
2, 5
Let d(n) be the first derivative of 2*n**3/3 + 2*n**2 + 2. Let c be d(-3). What are the prime factors of 104/c + 4/6?
2, 3
Suppose g - 5*g - 2*w = -14, 0 = -5*g + 5*w - 5. Let y = -1 + g. Let u = 6 + y. What are the prime factors of u?
7
Let g be (2/(-4))/(2/(-16)). Suppose 0 = g*j - 22 - 2. Suppose -s + j = -1. What are the prime factors of s?
7
Suppose 0 = z - 0*n + 4*n - 103, 0 = 3*z + n - 309. List the prime factors of z.
103
Let a be (38/(-6))/(3/(-9)). List the prime factors of a/4 + (-12)/16.
2
Let n(m) = m + 12. Suppose -i + 4*i - 5 = b, 54 = -2*b - 5*i. Let c = 11 + b. List the prime factors of n(c).
2, 3
Let l(z) be the third derivative of 5*z**4/24 - 11*z**3/6 - 6*z**2. List the prime factors of l(11).
2, 11
Let s(f) = 5*f - 13. Let i = 10 - -1. What are the prime factors of s(i)?
2, 3, 7
Let s(d) = d - 3. Let x be s(7). Suppose 92 = 3*u + 2*g + 36, -x*u = g - 78. List the prime factors of u.
2, 5
List the prime factors of ((-450)/(-12)*(-32)/(-6))/1.
2, 5
Suppose 0 = 7*q - 5*q - 56. What are the prime factors of q?
2, 7
Let i = -7 + 1. What are the prime factors of i/(-4)*(-418)/(-33)?
19
Suppose 5*p = 5, -2*j = 3*p + 44 - 177. What are the prime factors of j?
5, 13
Let b = 13 + -89. List the prime factors of b/(((-6)/3)/1).
2, 19
List the prime factors of (-548)/(-6) - (-7)/(-21).
7, 13
List the prime factors of (0 - 0) + (377 - 2 - -3).
2, 3, 7
Let j(s) = -4*s + 4. Let z be (12/2)/2*-1. Let c be j(z). Suppose v - 2*v = -c. List the prime factors of v.
2
Let j = -6 - -9. Suppose x + 0 = j. Suppose -3*q - 3*n + 27 = 0, 2*q - q - x*n - 1 = 0. What are the prime factors of q?
7
Let g be ((-3)/(-2))/((-12)/(-8)). Let l = g - -1. Suppose 4*t - 22 = l*t. List the prime factors of t.
11
Suppose 0 = x + w + 23 + 29, 46 = -x - 3*w. Let z = -28 - x. List the prime factors of z.
3
Suppose 4*o + 3*j = 12, -3*o + 5*o - 5*j - 6 = 0. Let k be 0/(-2) + (o - 1). Suppose -k*m - m = -15. What are the prime factors of m?
5
Let x = -6 - -248. List the prime factors of x.
2, 11
Suppose 0 = v + 2*u - 3, 0*v + v = 3*u + 18. Suppose -d = -3*b + 9, -5*b - 3*d + v = -2*b. What are the prime factors of b?
3
Let x(k) = -k**3 - 2*k**2 + 3*k - 5. Suppose 3*m = -4*f - 13, 3*m = 5*f - 0*m + 23. List the prime factors of x(f).
3, 5
Let y be 1/(-3)*-3*3. Let u be (0 - -1) + 1/1. Suppose u*g - 5*q = 18, -2*q + 27 = y*g + 3*q. List the prime factors of g.
3
Let d = 230 + -134. What are the prime factors of d?
2, 3
Let q(h) = -h**3 - 4*h**2 - 5*h - 4. Let d be q(-3). Let b = d - -21. List the prime factors of b.
23
Suppose 0 = -i + k + 182, 0 = 2*i + 2*k + 25 - 393. List the prime factors of i.
3, 61
Let u(w) = -6*w - 6. Let y(t) = t + 1. Let i(l) = -2*u(l) - 11*y(l). Let o be i(-4). Let a = o + 9. What are the prime factors of a?
2, 3
Suppose -p + 5*x - x = 2, -p - 47 = 5*x. Suppose 0 = -3*l + a - 16, 2*a - 21 = 5*l + 6. What are the prime factors of p/(-10) + 1/l?
2
Let o = 26 + -6. What are the prime factors of o?
2, 5
Let j = -12 + 23. What are the prime factors of j?
11
Let v(o) = 3*o. Let l be v(1). Let g = l - -2. What are the prime factors of g?
5
What are the prime factors of (-2)/1 + 0 + 92?
2, 3, 5
Let y(r) be the third derivative of -r**5/60 + r**4/24 + 11*r**3/6 + r**2. Suppose 2*l = -2*j + 8, 2 = 2*j - l + 6. List the prime factors of y(j).
11
Suppose -35*l = -38*l + 9. What are the prime factors of l?
3
Suppose -4*a + 24 + 11 = x, 4*x = -3*a + 192. Wh